05. Give j(12).
3
Let z(v) = -v**2 - 12*v - 2. Determine z(-11).
9
Let z(v) = -v**3 - 20*v**2 + 18*v - 54. Determine z(-21).
9
Let w(h) = 2*h**2 + 8*h + 8. Give w(-5).
18
Let l(a) = -a**3 + 12*a**2 - 21*a + 4. What is l(10)?
-6
Let k(l) = -l**2 + 23*l + 6. Determine k(23).
6
Let p(a) = a**3 - 5*a**2 - 10*a + 8. Give p(6).
-16
Let x(t) = -4*t**3 - t**2 + 4*t + 1. What is x(3)?
-104
Let k(m) = -m**3 + 8*m**2 - 3*m + 27. Give k(8).
3
Let m(z) = z**2 + 16*z - 2. Determine m(-15).
-17
Let g(s) = -7*s**2 + 7*s - 16. Give g(3).
-58
Let t(p) = -p**3 - 13*p**2 + 14*p + 23. Calculate t(-14).
23
Let x(g) = g**3 - 9*g**2 - 23*g + 11. Determine x(11).
0
Let l(b) = -b**2 - 7*b - 13. Give l(-4).
-1
Let o(h) = -h**3 - 11*h**2 - 10*h - 4. What is o(-10)?
-4
Let t(k) = k - 5. Determine t(9).
4
Let s(h) = -h**2 + 10*h + 6. Give s(9).
15
Let n(m) = -4*m + 71. Determine n(17).
3
Let d(c) = -c**2 + 37*c + 164. Calculate d(-4).
0
Let y(a) = 9*a + 3. Calculate y(-1).
-6
Let c(n) = 5*n**3 + 4*n**2 - n - 2. Calculate c(1).
6
Let l(f) = -4*f**2 - 4*f - 2. Give l(-3).
-26
Let x(c) = c**2 - 7*c - 3. Calculate x(7).
-3
Let h(j) = 8*j**2 - 18*j - 18. Determine h(-1).
8
Let c(s) = -s**2 - 22. Determine c(0).
-22
Let w(o) = o**3 - 7*o**2 - 8*o + 4. Give w(8).
4
Let r(n) = -n + 5. Determine r(0).
5
Let m(r) = 3*r + 23. What is m(-9)?
-4
Let s(f) = 16*f + 3. Determine s(-3).
-45
Let d(n) = 2*n**2 + 2*n - 1. Determine d(-3).
11
Let t(c) = 40*c - 84. Calculate t(2).
-4
Let t(k) = k**2 - 3*k - 5. What is t(7)?
23
Let x(l) = -l - 1. What is x(-1)?
0
Let h(z) = 5*z + 23. Determine h(-6).
-7
Let f(l) = l**2 - l - 5. What is f(6)?
25
Let a(g) = g**2 - g - 37. Determine a(-9).
53
Let p(b) = 16*b + 353. Give p(-22).
1
Let m(h) = 6*h**3 + h**2 - 4*h - 4. Determine m(-2).
-40
Let h(b) = -b**3 + 26*b**2 + 2*b - 61. Determine h(26).
-9
Let z(n) = n + 16. Give z(-6).
10
Let u(k) = -k - 15. Give u(-17).
2
Let l(r) = -r**2 - 36*r - 68. Calculate l(-29).
135
Let z(n) = -6*n**2 - 4*n + 9. What is z(2)?
-23
Let o(a) = -2*a - 2. Give o(1).
-4
Let a(r) = -3*r - 10. Determine a(11).
-43
Let l(n) = -7*n + 31. What is l(5)?
-4
Let a(v) = v**3 + v**2 - 12*v - 10. Calculate a(-2).
10
Let n(y) = y - 1. Determine n(32).
31
Let g(t) = -t**3 - 7*t**2 + 3*t - 1. Calculate g(-7).
-22
Let x(a) = -a**3 - a**2 - a + 13. Determine x(0).
13
Let n(z) = 2*z**2 + 6*z + 20. What is n(-6)?
56
Let j(y) = -12*y + 671. Determine j(54).
23
Let v(d) = 8*d - 18. Determine v(4).
14
Let q(y) = -3*y - 26. Determine q(16).
-74
Let p(j) = j**3 - 6*j**2 - 20*j + 24. Give p(8).
-8
Let x(b) = 3*b**2 + 27*b - 4. Give x(-9).
-4
Let u(c) = c**2 - 12*c + 29. What is u(14)?
57
Let w(i) = -i**2 + 6. What is w(-5)?
-19
Let b(s) = -44*s + 129. What is b(3)?
-3
Let g(m) = -m + 1. What is g(-6)?
7
Let l(p) = -p**3 + 11*p**2 - 9. What is l(11)?
-9
Let l(i) = 4*i + 28. What is l(-6)?
4
Let a(f) = -100*f + 1902. What is a(19)?
2
Let q(t) = t**3 - 24*t**2 + 13*t + 67. What is q(23)?
-163
Let m(v) = -v**2 + 7*v - 6. What is m(3)?
6
Let j(p) = p**3 - 4*p**2 - 6*p + 6. Determine j(5).
1
Let b(l) = -3*l**2 + 6*l + 12. What is b(4)?
-12
Let i(j) = -7*j**2 - 6*j - 7. Determine i(-3).
-52
Let o(a) = -15*a**2 - a - 3. Give o(2).
-65
Let l(j) = 249*j - 1496. Give l(6).
-2
Let q(w) = -10*w + 67. Give q(8).
-13
Let j(x) = -6*x - 21. What is j(4)?
-45
Let v(b) = 8*b - 27. Calculate v(3).
-3
Let j(m) = 3*m + 46. Give j(14).
88
Let c(k) = 44*k**3 + 2*k**2 + k. Determine c(-1).
-43
Let i(a) = -a**3 + 3. What is i(-2)?
11
Let t(j) = -j**3 + 51*j**2 + 55*j - 158. Determine t(52).
-2
Let z(p) = 2*p**3 - 10*p**2 + 5*p - 21. Give z(5).
4
Let c(y) = y**3 + 7*y**2 - 11*y. What is c(-8)?
24
Let s(f) = -f**2 - f + 12. Calculate s(-5).
-8
Let z(y) = -y**3 + 6*y**2 + 11*y - 15. What is z(7)?
13
Let y(r) = r**3 + 3*r**2 - 3*r + 14. Determine y(-5).
-21
Let o(q) = -q**3 + 3*q**2 + 19. Calculate o(4).
3
Let q(k) = -2*k**3 - k**2 + 2*k + 4. What is q(-3)?
43
Let h(o) = -o**3 + o**2 - 4*o - 7. Calculate h(-2).
13
Let r(y) = -34*y**2 - 4*y + 2. Determine r(1).
-36
Let l(c) = 2*c + 7. Determine l(4).
15
Let v(n) = n**2 + 4*n. What is v(-3)?
-3
Let b(a) = a**3 + a**2 - 5*a + 7. Calculate b(4).
67
Let r(m) = 4*m**2 - 4*m + 2. Calculate r(2).
10
Let o(t) = t**3 + 2*t**2 + 3*t - 9. What is o(4)?
99
Let k(o) = 10*o + 22. Give k(5).
72
Let i(o) = -8*o**2 - 3*o - 3. What is i(-2)?
-29
Let o(p) = p**3 - 13*p**2 + 20*p + 25. Calculate o(11).
3
Let d(n) = -8*n**3 + n**2 - 2*n + 2. Calculate d(1).
-7
Let z(j) = j**3 + 15*j**2 - 12. Calculate z(-15).
-12
Let b(k) = 7*k + 2. Determine b(-1).
-5
Let r(c) = c**2 - 43*c - 131. Determine r(46).
7
Let n(v) = v - 10. What is n(-2)?
-12
Let j(p) = 24*p - 4. What is j(0)?
-4
Let t(u) = -u**3 - 9*u**2 - 6. Calculate t(-9).
-6
Let y(q) = -q + 6. Determine y(-5).
11
Let o(l) = -l**3 + l - 3. Give o(0).
-3
Let z(m) = m**3 + 12*m**2 + 14*m - 13. What is z(-11)?
-46
Let d(i) = i - 23. Give d(0).
-23
Let r(y) = -8*y - 23. Determine r(-7).
33
Let p(n) = n**3 + 19*n**2 - n - 13. Calculate p(-19).
6
Let l(y) = y**2 + 7*y + 1. Calculate l(-6).
-5
Let u(n) = -3*n + 15. Calculate u(-12).
51
Let q(c) = 2*c + 5. Calculate q(-5).
-5
Let p(i) = i - 60. Give p(13).
-47
Let a(k) = -18*k - 911. Give a(-51).
7
Let t(j) = j**2 - 7*j - 47. Give t(14).
51
Let d(z) = -12*z + 7. What is d(1)?
-5
Let x(d) = 3*d + 6. What is x(-3)?
-3
Let k(i) = -19*i**2 + 156*i - 33. Calculate k(8).
-1
Let q(l) = l - 1. Give q(-5).
-6
Let f(p) = p**3 - 5*p**2 - 10*p + 7. Calculate f(6).
-17
Let t(s) = -3*s - 6. What is t(-10)?
24
Let s(f) = 2*f. Determine s(-2).
-4
Let h(d) = -d**3 + 5*d**2 + 3*d - 24. What is h(7)?
-101
Let n(v) = 11*v**2 - 6*v + 3. Determine n(2).
35
Let d(k) = 32*k - 2. Calculate d(-2).
-66
Let u(w) = w**2 + 4*w + 19. Calculate u(0).
19
Let t(u) = -u**3 + 7*u**2 + 21*u - 2. What is t(9)?
25
Let g(y) = -y + 43. Give g(8).
35
Let b(q) = q**3 + 3*q**2 - 12*q - 12. Calculate b(-5).
-2
Let i(s) = -s**3 - 18*s**2 + 42*s + 29. What is i(-20)?
-11
Let m(j) = 17*j - 2. Give m(-7).
-121
Let f(o) = o**3 - 4*o - 5. Calculate f(4).
43
Let u(k) = 7*k + 75. Determine u(-12).
-9
Let f(b) = -b**3 - 13*b**2 - 36*b - 17. Calculate f(-9).
-17
Let p(n) = n**2 + 2*n - 41. What is p(-8)?
7
Let r(q) = 125*q - 1003. Calculate r(8).
-3
Let d(u) = u**3 + 8*u**2 + 2*u. Give d(-8).
-16
Let k(f) = f**2 + 9*f - 13. What is k(-7)?
-27
Let f(l) = -5*l - 4. Determine f(1).
-9
Let r(m) = m**2 - 18*m + 46. Calculate r(3).
1
Let h(y) = -y**3 - 12*y**2 + 13*y - 1. What is h(-13)?
-1
Let t(u) = 17*u + 153. Calculate t(-10).
-17
Let a(t) = -t + 22. Give a(17).
5
Let i(d) = -d**3 - 7*d**2 + 4*d - 4. Determine i(-6).
-64
Let m(n) = 34*n - 109. What is m(3)?
-7
Let h(o) = 2*o**3 + 108*o**2 + 104*o - 112. Give h(-53).
-6
Let q(i) = -15*i**2 + 5*i + 4. Determine q(-1).
-16
Let m(o) = -31*o - 55. What is m(-2)?
7
Let a(x) = -x - 4. What is a(-6)?
2
Let u(t) = t + 12. Determine u(-20).
-8
Let g(m) = -m**2 - 9*m - 8. Give g(-9).
-8
Let a(p) = p**3 + 22*p**2 + 21*p + 2. Give a(-21).
2
Let v(g) = -g**3 - 11*g**2 + g - 14. Determine v(-11).
-25
Let f(g) = 7*g + 42. What is f(-17)?
-77
Let x(c) = -c**2 + 22*c - 126. Give x(8).
-14
Let x(r) = -2*r**2 + 39*r - 15. Give x(19).
4
Let q(o) = -4*o + 45. Give q(-8).
77
Let v(q) = -q**2 + 2*q - 2. Determine v(6).
-26
Let b(i) = -4*i - 57. Determine b(-16).
7
Let h(a) = a**2 - 16*a + 20. What is h(15)?
5
Let q(u) = -u**3 - 8*u**2 + 6*u + 16. Give q(-9).
43
Let g(z) = -z**2 + 19*z - 29. Calculate g(17).
5
Let n(k) = k**3 + 4*k**2 - 8. Determine n(-5).
-33
Let o(w) = -w**3 + 14*w**2 + 5. Give o(14).
5
Let z(y) = 3*y + 58. Determine z(-21).
-5
Let c(r) = r + 3. Determine c(0).
3
Let r(z) = -2*z + 16. Determine r(9).
-2
Let h(r) = -16*r**2 + r + 5. Give h(-2).
-61
Let l(u) = u**2 + 3*u - 17. Calculate l(3).
1
Let m(q) = q**3 + 3*q**2 + q + 3. Calculate m(0).
3
Let j(l) = 6*l**3 + 3*l**2 + 3*l + 1. Determine j(-1).
-5
Let d(r) = 4*r**2 + 38*r - 24. What is d(-10)?
-4
Let r(w) = 2*w**2 + 19*w + 38. Determine r(-7).
3
Let u(y) = y**2 - 6*y - 14. Calculate u(7).
-7
Let p(t) = 28*t - 176. What is p(6)?
-8
Let p(j) = -j**3 + 8*j**2 - 6*j + 6. What is p(5)?
51
Let o(v) = v - 5. What is o(-5)?
-10
Let x(d) = 5*d - 6. Give x(-3).
-21
Let t(d) = 2*d**2 - 11*d + 17. Determine t(3).
2
Let u(b)